s 60551203697 composite?
True
Is 14801774237 composite?
False
Is 11146685439 composite?
True
Is 143489783 a composite number?
False
Is 43008323333 prime?
False
Is 1990599593 composite?
True
Is 29156939489 prime?
True
Is 5584243681 a composite number?
False
Is 11671600253 composite?
False
Is 1518373177 prime?
False
Is 62135299 composite?
True
Is 8376448681 prime?
True
Is 7473151991 composite?
True
Is 772284353 a composite number?
False
Is 581182240849 composite?
True
Is 296709269 a prime number?
False
Is 2507269237 prime?
False
Is 395930719 composite?
True
Is 1006100399 a composite number?
True
Is 36222373315 prime?
False
Is 2676556573 a prime number?
True
Is 66405783331 prime?
False
Is 436854013 prime?
False
Is 9985684778 composite?
True
Is 13492374473 a composite number?
True
Is 1534806239 a prime number?
False
Is 22046927639 a composite number?
True
Is 90671493137 composite?
False
Is 3635283679 composite?
True
Is 2430315601 a composite number?
True
Is 458022941 a composite number?
True
Is 6321841033 a prime number?
True
Is 2683272569 a prime number?
True
Is 7168537003 a prime number?
False
Is 9804321227 a prime number?
False
Is 87715993759 composite?
False
Is 972146627 a composite number?
False
Is 44112410497 composite?
True
Is 7777250477 prime?
False
Is 12500641 a composite number?
True
Is 1223161069 a composite number?
True
Is 14855537791 a prime number?
True
Is 159900011 prime?
False
Is 6473681 prime?
True
Is 6348596663 a composite number?
True
Is 4354851289 a prime number?
False
Is 2989544729 composite?
False
Is 3161016409 prime?
False
Is 137771526341 a composite number?
False
Is 15213418267 prime?
False
Is 1869786239 prime?
False
Is 11956524133 composite?
True
Is 8154355021 prime?
True
Is 15017725769 a composite number?
True
Is 217410979 a composite number?
False
Is 16458216967 a prime number?
False
Is 14726753399 a prime number?
True
Is 403227553 prime?
False
Is 9950435987 a composite number?
False
Is 9756496381 composite?
True
Is 890456633 a composite number?
True
Is 416867903 a prime number?
False
Is 2566700285 composite?
True
Is 27580717781 composite?
False
Is 990621419 prime?
True
Is 56543813 prime?
True
Is 1297563499 composite?
True
Is 3293775767 prime?
True
Is 842223449 composite?
True
Is 5184351239 a composite number?
False
Is 191955682943 a composite number?
True
Is 1180865071 a prime number?
True
Is 102312923 a prime number?
True
Is 2290206727 prime?
True
Is 1110223861 a composite number?
False
Is 423921887 composite?
False
Is 2391459269 a prime number?
False
Is 73502596789 a prime number?
True
Is 4535971463 prime?
True
Is 12439694147 composite?
True
Is 138253539 a composite number?
True
Is 1093932113 a prime number?
False
Is 23802602791 prime?
False
Is 566892197 composite?
True
Is 70191063571 composite?
False
Is 8906393519 composite?
False
Is 2604304741 prime?
True
Is 4938255391 a composite number?
True
Is 103261759 a prime number?
True
Is 2053540495 composite?
True
Is 13408021789 prime?
False
Is 214171421 a prime number?
False
Is 17179413313 prime?
False
Is 672990257 a prime number?
True
Is 4177236601 a composite number?
False
Is 8077006211 composite?
True
Is 19501098383 a composite number?
True
Is 702041057 a prime number?
True
Is 2523166483 prime?
True
Is 8673137147 a prime number?
False
Is 256353120829 prime?
False
Is 10665118661 a composite number?
False
Is 3110838893 a prime number?
True
Is 126359095843 composite?
False
Is 15609574 composite?
True
Is 9444959861 a composite number?
False
Is 50486836007 a composite number?
False
Is 1225897669 a composite number?
False
Is 393868801 composite?
True
Is 43873399013 a prime number?
False
Is 8638613015 a prime number?
False
Is 61651448671 a prime number?
False
Is 13006890433 prime?
True
Is 125366515221 a prime number?
False
Is 4921868327 composite?
False
Is 50248091537 a composite number?
True
Is 25141465443 composite?
True
Is 5605423 prime?
True
Is 8073965401 a prime number?
False
Is 36156766379 composite?
False
Is 1169888113 a composite number?
False
Is 630381307 prime?
True
Is 5717494151 composite?
True
Is 29827693591 a prime number?
True
Is 18859595501 composite?
False
Is 13702366939 a prime number?
True
Is 6212817529 a prime number?
False
Is 802884281 prime?
True
Is 1464137611 composite?
True
Is 596822113 composite?
True
Is 13997354591 a composite number?
True
Is 73880643511 a prime number?
True
Is 489201269 a prime number?
False
Is 16361323007 composite?
True
Is 4241111531 prime?
True
Is 10948945879 composite?
True
Is 329915903 a composite number?
True
Is 384769327 prime?
False
Is 6974418071 a prime number?
False
Is 518795657 prime?
True
Is 44801534566 a prime number?
False
Is 41399873849 a composite number?
True
Is 2010257597 a composite number?
False
Is 5950156657 a prime number?
True
Is 3487142213 a prime number?
True
Is 15781940623 a prime number?
False
Is 156958337 composite?
False
Is 2163611309 composite?
False
Is 1054245529 prime?
False
Is 6127742323 prime?
True
Is 3493251911 composite?
True
Is 569333491 prime?
False
Is 553997777 composite?
False
Is 43568852963 prime?
True
Is 156907702747 composite?
False
Is 112938911 a prime number?
False
Is 6122495086 composite?
True
Is 613175135 a composite number?
True
Is 26753556997 prime?
True
Is 12661006723 a prime number?
True
Is 52335312577 a prime number?
False
Is 4837286659 a prime number?
False
Is 12997158737 prime?
False
Is 3875946703 composite?
False
Is 990159337 a composite number?
True
Is 337340833 a prime number?
False
Is 7992369293 composite?
True
Is 7547295215 prime?
False
Is 8061587161 prime?
True
Is 573972779 a prime number?
True
Is 1805866583 a prime number?
True
Is 51162893 prime?
False
Is 39740131 a prime number?
False
Is 678902537 prime?
False
Is 364775231 a composite number?
True
Is 5251265333 composite?
True
Is 5030998829 a composite number?
False
Is 9068841979 a prime number?
False
Is 233301209 composite?
True
Is 51950441659 prime?
True
Is 1378224409 prime?
False
Is 760352839 prime?
True
Is 2983967387 prime?
False
Is 22483806979 prime?
False
Is 134112683 a prime number?
True
Is 604237873 a prime number?
True
Is 48298674953 a prime number?
True
Is 68735276291 a composite number?
True
Is 14078119357 composite?
False
Is 958492931 a composite number?
True
Is 3553808171 a composite number?
True
Is 615651529 a prime number?
False
Is 4057299943 composite?
True
Is 5874536935 composite?
True
Is 109472438755 a composite number?
True
Is 1693458839 a composite number?
True
Is 12176699 a composite number?
False
Is 2028740209 a prime number?
True
Is 5540302217 prime?
True
Is 27439859 a composite number?
False
Is 3525789581 prime?
True
Is 56232778607 prime?
True
Is 28394689699 a prime number?
False
Is 34977675613 composite?
False
Is 1115363813 a prime number?
True
Is 8837874931 composite?
True
Is 390341167 a prime number?
False
Is 5497766447 prime?
True
Is 308581177 a prime number?
False
Is 11763095581 a composite number?
True
Is 6352343339 a prime number?
True
Is 2619399463 composite?
True
Is 70249243 composite?
True
Is 447965227 composite?
True
Is 12684854711 composite?
False
Is 12685700687 a prime number?
False
Is 11517230441 a prime number?
True
Is 160144661 a prime number?
True
Is 1945582123 prime?
True
Is 115960599763 a prime number?
True
Is 663821531 composite?
False
Is 317400361 a prime number?
True
Is 25698769897 a prime number?
False
Is 1290611051 composite?
True
Is 605786113 a prime number?
True
Is 3793963647 prime?
False
Is 702153811 prime?
True
Is 34948859201 a composite number?
False
Is 10246531973 prime?
True
Is 237227639711 a prime number?
False
Is 24752898539 a prime number?
False
Is 19421604467 a prime number?
True
Is 202314517 prime?
True
Is 4093943387 a composite number?
True
Is 91730169953 composite?
False
Is 49814031323 composite?
True
Is 175899649 a composite number?
True
Is 204156499 composite?
False
Is 2237920117 prime?
True
Is 64493432053 composite?
True
Is 44484211385 a composite number?
True
Is 869042441 a prime number?
True
Is 1165696769 a prime number?
False
Is 17266250671 composite?
True
Is 7026233549 prime?
False
Is 1120854071 a composite number?
False
Is 28766413807 a composite number?
False
Is 15345624563 a composite number?
False
Is 3915507283 a composite number?
False
Is 1486298